et w(n) = 2564*n + 22. What is the tens digit of w(19)?
3
Let v be (-5 - ((-12)/4 - 1923)) + -5. Suppose 0 = -5*p + 3*y + 4818, 2*p - 6*y - v = -2*y. What is the units digit of p?
6
Suppose 11*k = 9*k. Suppose -6*j + 119 + 139 = k. What is the units digit of j?
3
Suppose 3*q - 26535 = -5*g, -10*g + 7*g - 2*q + 15920 = 0. What is the tens digit of g?
1
Suppose 0 = y - 6*y + 145. Let r = -8693 - -8693. Suppose r = 36*o - y*o - 812. What is the tens digit of o?
1
Suppose -4*i + 712 - 156 = 0. Suppose -2*s + i = 5*m - 57, -3*m - 428 = -5*s. What is the tens digit of ((-2)/(-1) - 0) + s/4?
2
Suppose 0 = -h + 5*d + 1025, -h + 979 = 5*d - 86. What is the units digit of h?
5
Let d = -43145 - -61415. What is the ten thousands digit of d?
1
What is the thousands digit of (1824/(-11) - (-18)/(-99))*(-150 + 2)?
4
Suppose 5*u - a - 49015 = -5*a, 5*u = -a + 49015. What is the tens digit of u?
0
Let w(p) = -5*p - 63. Let f be w(-24). Suppose 0 = -m - 4*j + 22, 3*m - f = -4*j + 49. What is the units digit of m?
2
Let c = 78 + -31. Suppose c*o = 52*o + 5. What is the tens digit of (-4)/26*o + (-1470)/(-78)?
1
Let v be 0/(3*4/(-12)). Let i be v - (8/(-20))/(2/130). What is the units digit of (-3 - i/(-10))*(-192 + 2)?
6
Suppose s - 13928 = -n, -s = -2*s + 3. What is the thousands digit of n?
3
Let x be 2884/(-18) + 0 + 24/108. Let p = x + 101. Let y = -19 - p. What is the units digit of y?
0
Suppose -246677 = -60*j - 25817. What is the tens digit of j?
8
Let j = 80 - 75. Suppose -j*p = -4*p - 306. What is the units digit of p?
6
Let n(y) = 3*y**2 - 2*y + 13. Let x be n(5). Suppose 13*v - 7*v = x. Suppose v*o = 3*o + 640. What is the tens digit of o?
6
Suppose -14*v = -13*v - 109. Let l = v - -235. What is the units digit of l?
4
Let d be (-6)/(-2) + (-6 - -2)/4. Suppose -4*j = -d*f + f - 25, 5*f - 7 = -2*j. What is the units digit of 0 + 81 + j*(-7)/(-42)?
2
What is the hundreds digit of ((3/(-2))/(60/(-16)))/((-22)/(-495110))?
0
Let t(n) = 34*n**2 - 318*n - 18. What is the tens digit of t(32)?
2
Let f(r) be the first derivative of -r**4/4 + 2*r**3/3 + 3*r**2/2 + 3*r + 33. Let o be (-22)/6 + 2/(-6). What is the tens digit of f(o)?
8
What is the hundreds digit of -7 + ((-26248)/(-272))/(2/1772)?
4
Let c(u) = 1 + 100*u**2 + 91*u - 86*u + 29*u**2. What is the units digit of c(2)?
7
Let o be 1 - -3 - (11 - 239). Suppose 0 = -2*y + 2*q + o, -2*y + 0*y + 241 = q. What is the hundreds digit of y?
1
Suppose 0 = 4*t + 2*f - 14, -3*t - f = 3*f - 18. Let m(v) = 2*v - 1. Let a be m(t). What is the tens digit of (-1 + 5 - a) + 46?
4
Suppose 19 = 3*a + c, -2*a - 4*c + 3 = -3. Let o = 2831 + -1526. Suppose -8*d + o = a*d. What is the tens digit of d?
8
Suppose b = 3*a - 2181, -7*b + 3*b - 727 = -a. Let z = a - 500. What is the units digit of z?
7
Suppose -g - 8 = -17. Let c be (-1 + (-13)/(-3))*g/(-6). What is the units digit of (c + 24)/((-1)/4*-1)?
6
Let y(a) = 2*a**3 - 57*a**2 + 39*a + 33. Let p be y(28). Let k be (0 - 113*-1)*2. Let x = p - k. What is the tens digit of x?
1
Let o(v) = -2*v + 44. Let z be o(20). Suppose z*l = -3*s - 1363, 880 = -3*l - 2*s - 143. What is the tens digit of 1/2 + l/(-14)?
2
Let o(g) = 38*g - 113. Let a be o(3). Suppose 2*d = 5 - 1. Suppose j - 4*n - a = 92, -d*j - 3*n = -175. What is the tens digit of j?
8
Let n(b) = 21*b**2 - 16*b + 189. What is the hundreds digit of n(-16)?
8
Suppose 4*t = -t + 20. Let g = 8 + -8. Suppose -t*w = 4*k - 644, g = -5*k + 4*w - w + 797. What is the hundreds digit of k?
1
Let k(u) = -u**2 + 6*u + 2. Let p be k(8). What is the hundreds digit of ((-8704)/(-14) - 4/p) + 5?
6
Let t be -1 + 104 + -8 + 2. Suppose -6*u + 98 + t = i, -5*i + 1002 = 3*u. What is the tens digit of i?
0
Let v be (-2)/(-1) - 2 - 1. Suppose 35*o + 20*o = 0. What is the hundreds digit of o - (106*-2 + v)?
2
Let z(s) = 4*s**2 + 3*s + 53. Let w(b) = -17*b**2 - 13*b - 211. Let u(a) = 2*w(a) + 9*z(a). Let k be u(-8). What is the units digit of (3 - 0)*k/3?
5
Let d(i) = 8*i**2 - 2*i. Let k be d(1). What is the hundreds digit of (-2)/(-12) + 2099/k?
3
Suppose 5*z = 4*b - 18907, -14175 = 29*b - 32*b + 3*z. What is the tens digit of b?
1
Suppose 79549 - 352039 = -62*o. What is the hundreds digit of o?
3
Suppose 0 = 7*c + c - 24. Let a(m) = 125*m**c - 8 - 3*m**2 + 35*m**3 + 10 + 0 - m. What is the hundreds digit of a(1)?
1
Let b = -103 + 104. Let m(z) = -z**3 - 10*z**2 + 4. Let k be m(-10). What is the units digit of (1 + 234)*b - k?
1
Let k = -10320 - -18046. What is the thousands digit of k?
7
Suppose -3*b - 21905 = -m, 0 = -m - b + 7*b + 21914. What is the ten thousands digit of m?
2
Let t(q) = 90*q**2 + 5*q + 10. Let h(m) = 271*m**2 + 16*m + 30. Let c(n) = -3*h(n) + 8*t(n). Let o be c(-5). What is the units digit of o/(-30) + (-6)/4 + 2?
7
Let l(p) = p - 11. Suppose -5*f + 21 = -2*f. Let d be l(f). What is the tens digit of -4*(-9)/(-3)*d?
4
Suppose -2*s + 19376 = 4*r - 5370, -r - 5*s = -6209. What is the thousands digit of r?
6
What is the units digit of 1873/((-3)/(6 + -9)) - 5/1?
8
Suppose 3*m + 5*p = -16, 4*m - 3*p = 27 - 58. Let r(t) = -7*t + 15. What is the units digit of r(m)?
4
Suppose 12*a = 13*a - 5882 + 152. What is the hundreds digit of a?
7
Let q be (-14)/(-6) + 53/(-159). Suppose -99 = -q*v + 95. What is the units digit of v?
7
Suppose -25045 = -5*d + 12230. Suppose -16*l - d = -22175. What is the tens digit of l?
2
Let f = -6 - -137. Let a = f + -130. What is the units digit of (2 - 1)/(2/86)*a?
3
Let r = 8795 - 1411. What is the units digit of r?
4
Let x(h) = h**3 + 10*h**2 - 2*h + 12. Suppose 26*l = 22*l - 48. Let p = l + 3. What is the tens digit of x(p)?
1
Let w = -10373 - -18369. What is the tens digit of w?
9
What is the tens digit of (15/3 + -2)*(-1 + 134508/36)?
0
Let t(x) be the third derivative of x**6/120 - x**5/20 - x**4/6 + 5*x**3/3 + 2*x**2. Let d be -1 + -2 + (-3)/3 + 8. What is the tens digit of t(d)?
1
Let w = -34 - -54. Let j(d) be the third derivative of d**6/120 - d**5/3 + 5*d**4/24 + 11*d**3/6 - 2*d**2. What is the tens digit of j(w)?
1
Let z = 134715 + -65388. What is the ten thousands digit of z?
6
Suppose 10*x + 15 + 85 = 0. Let q(z) = z**3 + 12*z**2 + 24*z + 44. What is the units digit of q(x)?
4
Let w(u) = -59*u + 713. Let f be w(12). Suppose h - 18 = -2*h. What is the tens digit of (6/f)/(h/260)?
5
What is the units digit of 41472*((-14)/24 + (-124)/(-93))?
4
Let x(r) = 827*r**2 - 49*r - 117. What is the thousands digit of x(-4)?
3
Let m = -61334 - -121544. Suppose 19*z = -26*z + m. What is the units digit of z?
8
Let y = -395 - -198. Let s = y + 1272. What is the units digit of s?
5
Suppose -11*q + 50396 = 3173. What is the units digit of q?
3
Let h(i) = 20*i**2 + 57*i - 10. What is the tens digit of h(16)?
2
Suppose 0 = 5*i + u - 63, 0*i + 2*u = 5*i - 69. Let x = 75 - 72. Suppose -2*m + x*m = i. What is the tens digit of m?
1
Let w(g) = 364*g - 5452. What is the tens digit of w(60)?
8
What is the hundreds digit of (-7)/(35/30) - 42*2576/(-21)?
1
Let i be 1*-1 + (-11)/(77/(-3045)). Suppose -133*k = -134*k + i. What is the tens digit of k?
3
Suppose 19*p + 1 = 20*p. Suppose -2*h + p + 25 = 0. Suppose h*o = 7*o + 420. What is the tens digit of o?
7
Let q be (-312)/(-10)*(4 - 5)*30. Let v = 1845 + q. What is the hundreds digit of v?
9
Let q(f) be the third derivative of 0*f + 2/3*f**3 - 11/60*f**6 - 1/30*f**5 + 0 + 1/12*f**4 - 49*f**2. What is the hundreds digit of q(-2)?
1
What is the tens digit of -592*872/(-16) + (70/5)/2?
7
Let a(g) = 4778*g**2 - 420*g + 420. What is the tens digit of a(1)?
7
Suppose -88*z - 44*z + 253266 = -30*z. What is the hundreds digit of z?
4
Let q be 106*(-1)/(-2)*(-3)/3. Let v = q + 58. Suppose v*a - 361 - 39 = -3*m, -3*a = 2*m - 240. What is the tens digit of a?
8
Let m(a) = 7*a + 4. Let w be m(-2). What is the tens digit of (-2)/w + (-16410)/(-75)?
1
Let d(p) = 2273*p - 135. What is the hundreds digit of d(3)?
6
What is the tens digit of (-12)/((-144)/225462) - (-5)/2?
9
Suppose -3*g = -n - 3 + 5, -5*n + 10 = 4*g. Suppose g = 25*q - 14*q - 748. What is the tens digit of q?
6
Let b(c) = 8*c - 51. Suppose 5*r = i + 32, -26 = -r - 4*i - 7. What is the units digit of b(r)?
5
Let n be 102/(-30) - (-4)/10. What is the units digit of (-283)/(-1) - (-8)/(1 + n)?
9
What is the tens d